 - 99378. What is the hundreds digit of h?
8
Suppose -419 - 526 = 3*k. Let l be ((-1)/3)/(((-12)/k)/(-4)). Let r = l - -42. What is the tens digit of r?
7
Let m = -581 - -569. Let w = 6 + -3. Let i = w - m. What is the tens digit of i?
1
Let d(g) = -77*g - 98 - 9*g + 34*g. What is the hundreds digit of d(-10)?
4
Let w(j) = j**2 - 27*j + 5. Let x be w(27). Suppose 4*l = x*d - 567 - 336, 2*d - 378 = -4*l. What is the tens digit of d?
8
Let s(q) be the second derivative of -31*q**3/6 + 39*q**2/2 + 28*q. Let d be s(-21). Suppose -12*c + d = -7*c. What is the tens digit of c?
3
Suppose -h + 2*a = -2*a - 419, 2*a = -3*h + 1187. Let z = -268 + h. Suppose 20*o = 21*o - z. What is the units digit of o?
1
Let c be (-20 - -22)*42/(-4). What is the tens digit of c/(-15) - 223822/(-145)?
4
Let b(f) = 9*f - 1. Let j be b(10). Suppose 371 + j = -5*o. What is the units digit of (3/(-1) - o)*1?
9
Suppose 4*a + 3*p - 5045 = 2*p, a = -p + 1265. Suppose 2*g + a = 7*g. What is the units digit of g?
2
Suppose -11*x = 6*x + 338*x - 1877240. What is the tens digit of x?
8
Let k = -17 - -147. Suppose 3*z = z. Suppose z*r = 5*r - k. What is the units digit of r?
6
Let d(v) = v**2 + 2*v - 23. Let s be d(5). Let i be 7 - (2/s - (-204)/72). Suppose -4*a = -4*h + 412, 0*h + i*a - 302 = -3*h. What is the hundreds digit of h?
1
Let w(v) = -8*v - 17. Let x be w(-5). Let s = -26 + x. What is the tens digit of (-36)/(-2)*(-10)/s?
6
Let t(w) = -w**2 - 28*w + 67. Let z be 105/(0 - 5) + 0. What is the units digit of t(z)?
4
Let s(m) = 10*m + 92. Let r be s(-9). What is the units digit of r/2 - (-9 + 9)/(-5)?
1
Let z(o) = -2*o**2 - 21*o - 2. Let t be z(-10). Suppose t*r + r = -9. What is the units digit of -2 - r*(4 + 90)?
2
What is the hundreds digit of 46/(32/(-89584)*-11)?
7
Let i = 1536 - 286. Let z = i - 789. What is the units digit of z?
1
Let y = 1335 + 471. What is the thousands digit of y?
1
Suppose 9*a = 4*b + 53170, -7*b = -2*a - 10*b + 11835. What is the tens digit of a?
1
Let a(l) = 22*l**2 + 14*l - 39. Let m(i) = 2*i**2 + 11*i - 13. Let v be m(-7). What is the units digit of a(v)?
1
Let n be 33/(-6) + (-15)/(-10). What is the units digit of 30/n*(-160)/((-30)/(-6))?
0
What is the tens digit of -9 + (-864)/(-80) + 18261/5?
5
What is the thousands digit of (-19146)/(-3) - (9 - (-4 - -20))?
6
Suppose 2*u = 3*g - 27222, -3*g + 4*g - 4*u - 9054 = 0. What is the thousands digit of g?
9
Let n be (-3)/4 - (-6 - 12173/28). Suppose 2*q + 2*u - 1298 + 414 = 0, -q + u + n = 0. What is the tens digit of q?
4
Let m(t) = t**2 + 5*t - 7. Let a be m(-3). Let x(b) = -b**2 - 8*b - 1. Let z be x(a). What is the tens digit of 2/(z/(-32) + -2)?
3
Suppose 4 = 2*c, -4*j = c - 3*c - 216. Suppose -17*y + j = -6*y. Suppose 378 = 2*h - 5*p, 3*h + y*p - p = 613. What is the units digit of h?
9
Suppose 42*i = 139*i - 1779950. What is the thousands digit of i?
8
Suppose 5*v + 440 = 5*p, 5*p + 7*v - 458 = 3*v. Suppose -91*g = -p*g - 368. What is the hundreds digit of g?
3
Let m = -12 + 7. Let x(l) = -23 + 8 + 5 - 21*l + 9. What is the units digit of x(m)?
4
Let i = 26 - -364. What is the hundreds digit of i - (-10)/(-30)*(0 - -6)?
3
Suppose 0 = 4*y - 97 + 9. What is the hundreds digit of 24101/y*(-16)/(-28)?
6
Let u be (-4)/(-2) + 1 + 7. Suppose 2*l - u = -4. Suppose n = l*n - 234. What is the hundreds digit of n?
1
What is the thousands digit of (-16)/128*8*-5521?
5
Let u(z) = z**3 + 7*z**2 + z - 12. Let h be u(-6). Suppose -h*k - 12 = -t - 20*k, k - 48 = -4*t. What is the tens digit of t?
1
What is the tens digit of ((-4)/(16/6))/(((-1482)/538304)/19)?
5
Suppose -5*n = n - 144. Suppose 0 = -2*f + 36 - n. Suppose 12*p = 10*p + f. What is the units digit of p?
3
Suppose 3*f = -z + 42097, -661*f + 168452 = 4*z - 665*f. What is the ten thousands digit of z?
4
Let k(z) = 2*z**2 - 6*z + 1. Let g be k(5). Suppose -5*t - 55 = 5*d, t - 26 = d + 5*t. What is the units digit of g + d + (-1 - -4)?
8
Let l(i) = 3*i**2 + 2*i - 28. Let d be l(6). What is the units digit of (-1 + -925)/1*(-46)/d?
3
Suppose 21135 = 7*m - 20207. What is the hundreds digit of m?
9
Let q(g) = 7 + 14*g + 0*g**2 - g**2 - 5 + 20. Let i be q(16). What is the hundreds digit of (i/15)/((-1)/1017*3)?
2
Suppose -10*o + 68 = -112. Suppose 17*g - o*g = -4. Suppose -b + 2*z = -g*b + 191, -3*z = b - 73. What is the tens digit of b?
6
Let q be ((-4)/(-2))/(18/(-45)). Let i be 2/q - (-54)/10. Suppose -30 - 155 = -i*h. What is the tens digit of h?
3
Let h(v) = 246*v**2 + 367*v - 3592. What is the ten thousands digit of h(10)?
2
Suppose g - 36215 = -5*z, 5*z - 41615 = -3*g + 66990. What is the thousands digit of g?
6
Suppose -49*u - 91*u + 9827620 = 102*u. What is the units digit of u?
0
Let m(v) = -14*v + 18. Let d be m(1). Suppose 492 = l - 0*c + d*c, 5*l - 2*c - 2548 = 0. What is the tens digit of l?
0
Let j(b) = 9 - 10 - 6*b - 2. Let z be j(-9). Suppose -r + 39 = r - s, 3*r - 4*s = z. What is the units digit of r?
1
Suppose -124949 + 363927 = 115*t - 197792. What is the units digit of t?
8
Let s = -8317 - -13543. What is the units digit of s?
6
Let z be ((-63)/6)/((-7)/168). Suppose p - 473 - z = 0. What is the units digit of p?
5
Suppose -30 = -4*g - g. Suppose g*f - 31*f = -14500. What is the units digit of f?
0
Let a = 39 - 9. Let x = 34 - a. Let d = 43 - x. What is the units digit of d?
9
Let z = 9750 + 1910. What is the hundreds digit of z?
6
Let j(q) = q**3 + 76*q**2 - 360*q + 311. What is the thousands digit of j(-75)?
2
Let h(s) = 131*s + 180. Let q be h(-14). Let p = q - -3280. What is the tens digit of p?
2
What is the units digit of (-528)/(-308)*((-156894)/(-28) + 18/126)?
6
Let w(u) = 112*u**2 - 22*u + 42. Suppose 20 = -4*i - 2*m + 34, 3 = 3*m. What is the tens digit of w(i)?
8
Let b(j) = 973*j + 915. What is the tens digit of b(4)?
0
Let z = 2104 + -2178. Suppose 2*i - 3*i = -v + 204, 3*v - 5*i = 620. Let l = v + z. What is the units digit of l?
6
Let s = 1080 - -1275. What is the thousands digit of s?
2
Suppose -31594 = -3*y - 5*a + 97857, 0 = 5*a - 10. What is the tens digit of y?
4
Let x be (-4)/(-22) + 123*(-8)/(-33). Let b be (236/3)/(x/36 - 1). What is the tens digit of (3/7 - b/42)*3?
3
Let a(u) = 77*u + 46. Let o be a(41). Suppose o + 874 = 9*h. What is the tens digit of h?
5
Let l(h) = 23*h + 448. What is the units digit of l(21)?
1
What is the hundreds digit of 357124/190*35/14?
6
Let i(a) = -2*a**3 - 2*a**2 + 4*a + 3. Let b be i(-2). Suppose -471 = 5*p - b*w, 0 = -w + 3*w + 6. Let m = 168 + p. What is the units digit of m?
2
Let d = 320 - 317. Suppose 5*b = -4*o + 3363, -1332 = b - d*b + 5*o. What is the units digit of b?
1
What is the hundreds digit of (-7 + 4343/(-2))/((-16)/32)?
3
Let o = -27 - -26. Let y be -2 + o - 51*2. What is the units digit of (y/30)/(2/(-8))?
4
Let r = -3836 - -14828. What is the units digit of r?
2
Suppose -3*u = -2*i - 32895, 14 = 5*i - 16. What is the ten thousands digit of u?
1
Let t be -3 - (-2 - 1) - (2 - 563). Suppose 4*h - 171 - t = 0. What is the tens digit of h?
8
Suppose 84*u - 275364 = 51396. What is the hundreds digit of u?
8
Let b(u) = -8*u**3 + 36*u**2 + 32*u + 14. What is the hundreds digit of b(-14)?
5
Let o(j) = -j**3 - 4*j**2 + 5*j - 5. Let p be o(-5). Let t be p*(2 - 1)*-1. Let w = t + 36. What is the units digit of w?
1
Let f be 10/(-12) - 656/(-96). What is the units digit of f/((-48)/1066)*-4?
3
Let h(f) = -21*f + 51*f - 17*f - 17*f - 47. Let b be h(-14). Suppose 2*v + 1638 = b*v. What is the hundreds digit of v?
2
Let x(p) = 16*p + 1124. Let s be x(-70). Suppose 2*w - 5*w + 6 = 0. Suppose w*h - 300 = -s*o - 78, 2*o = 4*h - 484. What is the hundreds digit of h?
1
Let o be ((-2)/(-3))/(-3 - (-518)/174). Let i = o - -36. What is the units digit of i?
7
Suppose 0 = -17*i - 96720 + 217577 + 181998. What is the tens digit of i?
1
Suppose -5 = -3*o + 7, 0 = -2*f - o - 384. Let w = 96 + f. What is the units digit of 4*(-1 + w/(-8))?
5
Suppose -c - 2*u = -1210, 5*c = -3*u - 1257 + 7293. What is the tens digit of c?
0
Let q = 244 + -221. What is the hundreds digit of (q/(-21) + (-39)/(-91))*-1596?
0
Suppose 5*c - 35*b = -33*b - 10298, 5*c + 10295 = 5*b. Let a = c - -3063. What is the units digit of a?
3
Suppose -20 = -3*v - 0*f + f, -v = -5*f - 30. Suppose -3*c + d + 784 = -2